
31
In base 3, what is -101 - 110011?
-110112
In base 12, what is -5 - -38b?
386
In base 5, what is 21114 + -2?
21112
In base 7, what is 33540 + -1?
33536
In base 11, what is -19a - 2?
-1a1
In base 11, what is 7582 - -1?
7583
In base 2, what is -101 + -100?
-1001
In base 12, what is -71 + 18?
-55
In base 5, what is -1 - -2223?
2222
In base 15, what is -b8e - -4?
-b8a
In base 9, what is -18 + 41?
22
In base 11, what is 2 - -1013?
1015
In base 12, what is 0 + -3?
-3
In base 15, what is 4 - 25?
-21
In base 5, what is -404 + -4?
-413
In base 9, what is 3 + 520?
523
In base 11, what is -810 - 0?
-810
In base 16, what is -4 - -922?
91e
In base 3, what is 2 - -101011?
101020
In base 6, what is 3 + -152?
-145
In base 15, what is -1 + 24?
23
In base 12, what is 1a + 20?
3a
In base 7, what is -3436 + 4?
-3432
In base 5, what is -10 - 1043?
-1103
In base 2, what is -1101000000100100 + -11?
-1101000000100111
In base 2, what is -10 - 1100111100?
-1100111110
In base 13, what is -11 + -33?
-44
In base 8, what is 46 - 3?
43
In base 16, what is 4 + -527?
-523
In base 9, what is 1 - 21?
-20
In base 15, what is 16 - -6a?
81
In base 15, what is -11 - -7?
-9
In base 5, what is 12440 - -2?
12442
In base 7, what is -144 + 52?
-62
In base 6, what is 0 - -444?
444
In base 12, what is 1801 + -5?
17b8
In base 2, what is 0 + -1011010110110?
-1011010110110
In base 7, what is 136 - 0?
136
In base 12, what is 22a + 5?
233
In base 11, what is -a750 + -4?
-a754
In base 15, what is -5 + 30c?
307
In base 10, what is -644 + -1?
-645
In base 4, what is 1031113 + 1?
1031120
In base 13, what is 8 + 29?
34
In base 15, what is -16 + b4?
9d
In base 16, what is -3 + -1f5?
-1f8
In base 3, what is 10 - -2002?
2012
In base 14, what is -4 + -53?
-57
In base 14, what is 3 - -22c?
231
In base 12, what is 1159 + 2?
115b
In base 9, what is 2512 + -2?
2510
In base 6, what is 132 - 2?
130
In base 4, what is 10 - -112122?
112132
In base 14, what is -5 - 21?
-26
In base 11, what is 0 - 24?
-24
In base 8, what is 5 + 163?
170
In base 9, what is 1086 + -2?
1084
In base 7, what is 4 - -62?
66
In base 16, what is -13 + -5?
-18
In base 5, what is -130 - 14?
-144
In base 11, what is -46 - 18?
-63
In base 7, what is 11264 - 13?
11251
In base 16, what is -4 - 9b?
-9f
In base 3, what is 2 - 2020?
-2011
In base 11, what is 14 - -200?
214
In base 8, what is 221 - 12?
207
In base 14, what is 2 - -c6c?
c70
In base 6, what is -512 + -51?
-1003
In base 16, what is -54 - -3?
-51
In base 12, what is -44 - 115?
-159
In base 8, what is -3754 + -3?
-3757
In base 5, what is 10 + -321?
-311
In base 7, what is -2 - 2?
-4
In base 16, what is 4 + -649?
-645
In base 2, what is -101 - 10101011000?
-10101011101
In base 16, what is -96 + 3?
-93
In base 12, what is -9 - -131?
124
In base 11, what is -4 - 712?
-716
In base 4, what is -1102332 - 1?
-1102333
In base 4, what is -11 - -122233?
122222
In base 3, what is 1002 + -11?
221
In base 12, what is 4 - 2b3?
-2ab
In base 5, what is 0 - -1333?
1333
In base 4, what is -11 - 30113?
-30130
In base 13, what is 6 + 157?
160
In base 3, what is 1201102 + -1?
1201101
In base 7, what is 5 + 4530?
4535
In base 6, what is -2132 + 11?
-2121
In base 16, what is -15 - e?
-23
In base 11, what is 167 + 0?
167
In base 3, what is 2 + 20001?
20010
In base 6, what is 412 + -3?
405
In base 14, what is a + 3?
d
In base 15, what is -2465 + 0?
-2465
In base 5, what is -140 - 22?
-212
In base 6, what is -244 + 5?
-235
In base 15, what is -8290 + -4?
-8294
In base 10, what is -5 - -6811?
6806
In base 9, what is -10 - 6?
-16
In base 14, what is 2 - -50b?
50d
In base 4, what is -321 + -3?
-330
In base 5, what is -2 + -4031?
-4033
In base 6, what is -1140 - -5?
-1131
In base 2, what is 101 - -111?
1100
In base 14, what is 17 - -c?
25
In base 9, what is 0 + -2656?
-2656
In base 6, what is 253412 + -5?
253403
In base 5, what is -10 + -10331?
-10341
In base 16, what is -163c + -1?
-163d
In base 5, what is 3 - 22410?
-22402
In base 4, what is -10110 + -31?
-10201
In base 7, what is 1521 - -1?
1522
In base 11, what is -5 + 38?
33
In base 11, what is -2 - 60?
-62
In base 14, what is 8 + 1227?
1231
In base 5, what is -2 + 11134?
11132
In base 9, what is 54 - 3?
51
In base 16, what is 274 + 1?
275
In base 16, what is -2859 - -1?
-2858
In base 11, what is 87 - -3?
8a
In base 9, what is 222 + -2?
220
In base 7, what is 350 - -21?
401
In base 15, what is -6 - dd?
-e4
In base 5, what is 113 - -4?
122
In base 14, what is 3 - -1651?
1654
In base 8, what is 24 + 25?
51
In base 14, what is 9 + 10?
19
In base 11, what is 73 + 58?
120
In base 5, what is 23 - 13?
10
In base 13, what is 5 - -535?
53a
In base 12, what is 2077 + -4?
2073
In base 2, what is -1000000011 - -1001?
-111111010
In base 10, what is -113 + 21?
-92
In base 16, what is a + 14?
1e
In base 4, what is 30 - 12?
12
In base 14, what is 7 + 93?
9a
In base 10, what is 3 + -57?
-54
In base 8, what is 11 + 16?
27
In base 10, what is -32 - 171?
-203
In base 6, what is 5124 - 3?
5121
In base 2, what is 11 + 1111011?
1111110
In base 2, what is -1 - 1100011100111?
-1100011101000
In base 2, what is -11010110111 + 1?
-11010110110
In base 4, what is -322221 + -2?
-322223
In base 11, what is -11 + -4?
-15
In base 13, what is -1a8 - 4?
-1ac
In base 6, what is -3 + 125?
122
In base 3, what is 21001 + 1?
21002
In base 9, what is 350 - 13?
336
In base 10, what is -1 - 169?
-170
In base 15, what is 2271 + 0?
2271
In base 11, what is -1 + -943?
-944
In base 2, what is -10 + -11101100?
-11101110
In base 7, what is -430 + -12?
-442
In base 3, what is -12 - -22020?
22001
In base 4, what is -1 + -223203?
-223210
In base 5, what is -30040 + 10?
-30030
In base 2, what is 1011 - -100110?
110001
In base 14, what is 10 + 2c?
3c
In base 9, what is 36 + -27?
8
In base 3, what is 10 + -10200?
-10120
In base 12, what is 5b6 - -4?
5ba
In base 13, what is -16 - -b7?
a1
In base 9, what is -488 + 2?
-486
In base 15, what is -6 - 3e2?
-3e8
In base 2, what is 11100 + -101000?
-1100
In base 4, what is 11 - 111202?
-111131
In base 16, what is 2ee + -3?
2eb
In base 2, what is -100 - 1101110110?
-1101111010
In base 14, what is 1 - -1db?
1dc
In base 12, what is 25 - -4?
29
In base 16, what is 3f + -4?
3b
In base 5, what is -302 - -1?
-301
In base 12, what is -2910 + 4?
-2908
In base 3, what is -2220 - 12?
-10002
In base 2, what is 1011011 - 10?
1011001
In base 13, what is -30 - -2?
-2b
In base 9, what is -525 + 2?
-523
In base 12, what is -47b + -4?
-483
In base 5, what is -30 + -31?
-111
In base 10, what is 1636 + 4?
1640
In base 3, what is 11 + 10101?
10112
In base 7, what is 25505 - 5?
25500
In base 11, what is 7 + -1041?
-1035
In base 4, what is 201123 - -20?
201203
In base 4, what is 123333 - -1?
130000
In base 9, what is -255 - -1?
-254
In base 8, what is 4 + -1625?
-1621
In base 8, what is 1 - -241?
242
In base 2, what is 1110000101 + 0?
1110000101
In base 4, what is 1113 + -31?
1022
In base 4, what is 3021 + -221?
2200
In base 9, what is 67 - 1?
66
In base 12, what is -3 - 1583?
-1586
In base 14, what is 3 - 292?
-28d
In base 3, what is -1002 + 200?
-102
In base 7, what is 30 - -145?
205
In base 2, what is 110000001001 - 11?
110000000110
In base 6, what is -2125 - 2?
-2131
In base 7, what is 16 + -212?
-163
In base 5, what is 22414 + 1?
22420
In base 12, what is -62 + -4?
-66
In base 15, what is 13 - 9?
9
In base 7, what is -12105 + 1?
-12104
In base 14, what is -48 - 9?
-53
In base 2, what is 1111 + 100000?
101111
In base 10, what is 155 + 16?
171
In base 16, what is -4 + -13?
-17
In base 6, what is 11 + -20001?
-15550
In base 2, what is 1100000 + 111011?
10011011
In base 14, what is -5 + -1?
-6
In base 16, what is 3 + 8?
b
In base 14, what is 535 - 1?
534
In base 11, what is 88 - 17?
71
In base 4, what is 0 - -303?
303
In base 6, what is 2 + 11223?
11225
In base 8, what is 225 - 15?
210
In base 13, what is -1 + -673?
-674
In base 16, what is -1cb3 - -3?
-1cb0
In base 8, what is -46 + 177?
131
In base 4, what is 21 - 1223?
-1202
In base 11, what is -4 + -3858?
-3861
In base 8, what is -3 + -664?
-667
In base 15, what is 2bb + -1?
2ba
In base 12, what is -8 - 23?
-2b
In base 11, what is -36 - 70?
-a6
In base 14, what is 3 - -61?
64
In base 16, what is 17 - c?
b
In base 5, what is -214432 +